What are the prime factors of y(-6)?
53
Suppose 0 = -2*u - 5*i + 15, -7 = -u + 3*i + 6. Let f = u - 0. List the prime factors of f.
2, 5
Let o(q) = 3*q + 1. Let a be o(1). Suppose 0*j + 2*j = 24. Suppose -2*w = 2*w + 2*m - j, 5*m = a*w + 2. What are the prime factors of w?
2
Let r = -17 + 55. What are the prime factors of r?
2, 19
Suppose 0*t - 5*t = -60. Suppose -t = 4*z - 68. List the prime factors of z.
2, 7
Let d be (-9)/((-1)/2 + 2). Let r(g) = -g - 3. What are the prime factors of r(d)?
3
Let l(v) be the third derivative of -v**5/60 + 7*v**4/24 + v**3/3 + 2*v**2. Suppose -2*p + p = 2*a - 13, 5*a + 4*p - 31 = 0. List the prime factors of l(a).
2
Let n = -39 + 58. What are the prime factors of n?
19
Let q(g) = g + 4. Let a be q(-6). Let p = -1 - a. Suppose -3*b + p = 4*f - 42, -5*b - 4*f = -61. What are the prime factors of b?
3
Let j be (-154)/(-28) + (-2)/4. Let f = j + 6. What are the prime factors of f?
11
Suppose -2*u + 92 = 3*h - h, -u - 4*h = -43. What are the prime factors of u?
47
Let d be (-1 - 0)*(-12)/6. What are the prime factors of 29 + (-2 - -1) + d?
2, 3, 5
Suppose -1 - 7 = 4*v. What are the prime factors of (84/7)/(0 - v)?
2, 3
Let t(l) = 22*l**2 + 1. List the prime factors of t(1).
23
Let d(a) be the first derivative of -a**5/20 + a**4/4 + 5*a**3/6 + 2*a - 1. Let z(p) be the first derivative of d(p). What are the prime factors of z(4)?
2
Let l(a) = a**3 + 9*a**2 - 8*a + 4. What are the prime factors of l(3)?
2, 11
Suppose 2*z + 0*z - 42 = 0. Let x be -1*(-2 - z*-1). Let m = -8 - x. What are the prime factors of m?
11
Let j be 3/3*-4 + 70. Suppose -2*d - d - 29 = -p, -2*p + j = 2*d. What are the prime factors of p?
2
List the prime factors of (1/(1/45))/1.
3, 5
What are the prime factors of 7*3 - (-3 - -2)?
2, 11
Let n be ((-7)/2)/((-2)/(-4)). Let l = n + 10. Suppose l*c = 4*j - 53, -2*c - 2*c - 1 = j. What are the prime factors of j?
11
Suppose 0*i = 2*i - 348. Suppose 4*c - i + 34 = 0. List the prime factors of c.
5, 7
Suppose c - 4*p - 36 = 0, c + 2*c = 3*p + 63. What are the prime factors of c?
2
Let z be (16/20)/(6/10755). What are the prime factors of z/26 + (-14)/91?
5, 11
Suppose -5*t + 491 = -519. List the prime factors of t.
2, 101
Let g(y) = -4*y. Let u be g(-1). Let t = u - 3. Let b = 2 + t. List the prime factors of b.
3
Let d = -85 + 93. What are the prime factors of d?
2
Let w = 27 + 23. List the prime factors of w.
2, 5
Let g be 6/27 + 86/18. Let o = 7 - g. Suppose 0 = 2*w - o - 4. What are the prime factors of w?
3
Suppose 213 = -g + 4*g. List the prime factors of g.
71
Suppose -2*g = g - 12. Let n = 6 - g. Suppose 7*o - 50 = n*o. List the prime factors of o.
2, 5
Suppose t - 12 = -2*t, 4*g + 2*t = 228. What are the prime factors of g?
5, 11
Let h(c) = -4*c**3 + 12 + 3*c**3 - 7*c**2 - 57*c + 66*c. What are the prime factors of h(-8)?
2
Let z(u) = -u**3 + 10*u**2 + 4*u - 4. Let x(v) = 0*v - 11*v - 9*v**2 - 20*v**2 + 3*v**3 + 11. Let f(y) = 6*x(y) + 17*z(y). What are the prime factors of f(4)?
2, 3
Suppose -26 = -2*v + 4*x, 0*x = -x + 3. What are the prime factors of v?
19
Let j = -6 + 21. What are the prime factors of j?
3, 5
Suppose 0 = -4*a + w - 3*w + 642, -2*a + 336 = -4*w. What are the prime factors of a?
2, 3
Let u(k) = 3*k + 7. Let f be u(-5). Suppose -5*z - 3*j - 67 = 86, -4*j = 3*z + 83. What are the prime factors of (-2)/f - z/12?
3
Suppose -4*v = -3*v + 4*t + 2, 5*t = -2*v + 8. What are the prime factors of v?
2, 7
Let z(k) = -k**3 - 10*k**2 - 42*k + 12. What are the prime factors of z(-7)?
3, 53
Let l = 12 - 7. Suppose 0*d = l*d - 45. What are the prime factors of d?
3
Let b = 84 - 22. What are the prime factors of b?
2, 31
Let y(c) = 6*c + 4. Let z(o) = 7*o + 5. Let x(h) = 6*y(h) - 5*z(h). Let k be x(8). Suppose -5*j - k + 37 = 0. List the prime factors of j.
2, 3
Let x be 2/(-4)*-2 - 1. Suppose x = -4*h + 103 + 113. Suppose 0 = 4*m + 3*c - 2*c - 49, 4*m = -2*c + h. List the prime factors of m.
11
Let y(w) = w**2 - 2. Let f be y(-2). Suppose -8 = f*v - 4*v. Let d = v + -2. What are the prime factors of d?
2
Let h(q) = -3*q - 4. Let i = 3 + -18. Let k = i - -10. List the prime factors of h(k).
11
Suppose -19 + 5 = 5*j - 2*w, -3*j = -5*w + 16. Let t(q) = 0*q + 5*q**2 + 3*q - 2*q - 2. List the prime factors of t(j).
2
Suppose -2*a = -a. Suppose a*c = -c + 33. Suppose 13 = -y + c. List the prime factors of y.
2, 5
Let m(l) = -3*l**2 - 6*l + 8. Let a(s) = -16*s**2 - 30*s + 41. Let k(c) = 2*a(c) - 11*m(c). List the prime factors of k(-8).
2, 5
Let p = 2 + 1. Let y = p + -2. What are the prime factors of (3 + 11)/(y + 0)?
2, 7
Let w = 4 + -12. Let j(g) = -g - 1. Let a(t) = t - 16. Let b(l) = -a(l) - 2*j(l). What are the prime factors of b(w)?
2, 5
Let x(b) = -b**3 + 4*b**2 + 2*b - 2. Suppose 3 = -k + 7. What are the prime factors of x(k)?
2, 3
Let d = -26 + 42. List the prime factors of d.
2
Let d(i) = 9*i + 8. What are the prime factors of d(14)?
2, 67
Let y = 4 - 4. Suppose -2*q - q = 0. Suppose q = -l - y + 7. What are the prime factors of l?
7
Suppose -3*h = 36 - 0. List the prime factors of 176/h*(-3)/2.
2, 11
Let o(t) = 2*t + 11. Let w be o(-9). Let f be (2/w)/((-3)/21). Suppose f*u = 3*u - 3. What are the prime factors of u?
3
Let g(q) = -q + 7*q**3 - 8*q**3 - 1 + 5*q**2 + 9. List the prime factors of g(5).
3
Suppose 4*r = 36 + 80. List the prime factors of r.
29
Suppose -3*r + o = -537, -3*r + 522 = -3*o + 7*o. List the prime factors of r.
2, 89
Let p be 1/4 - 55/(-20). Suppose -l - p = -2. Let i = 3 + l. List the prime factors of i.
2
Let o(s) = -s**3 + 9*s**2 + 11*s. Let v be o(10). Let f(h) = h**2 - 8*h - 5. What are the prime factors of f(v)?
3, 5
Let y(f) = -f**3 - 6*f**2 + 4*f + 3. Let b be y(-5). Let g = -25 - b. What are the prime factors of g?
17
Suppose 0 = -0*c + 3*c - 114. Suppose 0 = j - 2 - c. List the prime factors of j.
2, 5
Let l(j) = -j**3 + 6*j**2 - 3*j - 1. Let k be l(4). Suppose -k = -3*d - 1. List the prime factors of d.
2, 3
Let l(a) = a + 8. Let k be l(-6). Suppose 5 = n - k. List the prime factors of n.
7
Suppose 0*g = 4*g - 16. What are the prime factors of ((-20)/(-12))/(g/24)?
2, 5
Suppose h + d = 302, d = -3*h + 3*d + 886. List the prime factors of h.
2, 149
Let q = 120 - -155. List the prime factors of q.
5, 11
Suppose -3*j = 3*y + 45, 5*y + 6 = j - 9. Let a be (-4)/j - 2/5. Suppose -m + 2*m - 4 = a. List the prime factors of m.
2
Suppose -2*u - 4 = 4. What are the prime factors of (-29)/u - 13/52?
7
Suppose 0*s = 4*d + 2*s - 134, 0 = 4*d + s - 135. Suppose -2*u = 4*z + d, -2*u - 2*u = 3*z + 13. Let y = 23 + z. List the prime factors of y.
2, 3
Let z = 9 - -21. List the prime factors of z.
2, 3, 5
Let t = -5 - -7. Suppose 4*r + 10 = -t*f + 30, 0 = -r + 2. List the prime factors of f.
2, 3
Let i(a) = -a**2 + 6*a - 1. Let h be i(5). List the prime factors of h/6 - (-75)/9.
3
Suppose -14 = -12*h + 10*h. Suppose -8*n = -h*n - 35. List the prime factors of n.
5, 7
Suppose 0 = -h - 3*h + 144. What are the prime factors of 498/h + (-1)/(-6)?
2, 7
Let g be (-1 - 2)*(-8 + 5). Suppose -2*x + 0*x = -166. Suppose 2*s - 48 = -4*r, 3*r - x = -5*s + g. List the prime factors of s.
2
List the prime factors of 0 - (2*-31 - 4).
2, 3, 11
Let s be ((-28)/(-8))/((-1)/2). Let i be (s + 7)*(-2)/(-4). Suppose -t - 3*t + 64 = i. List the prime factors of t.
2
Suppose -2*v = -4*v. Let z = 4 + v. Suppose m - z = -m. What are the prime factors of m?
2
Let q = -22 + 16. Let r(j) = -j**2 - 7*j - 2. List the prime factors of r(q).
2
Let n = -3 - -1. Let u = 3 + n. Suppose -u - 87 = -4*o. List the prime factors of o.
2, 11
Let l = 2 + -6. Let o be (-5 - l)*1*-13. Let t = -6 + o. List the prime factors of t.
7
Let m be 3*(-4)/(12/(-5)). Suppose -3*a - 79 = -5*i, -2*i + m + 39 = 5*a. Suppose -4*q = -5*n + 65, 3*q = 3*n - 22 - i. What are the prime factors of n?
13
Let y = 79 - 46. Suppose 3*l + 3*k = y, 4*l + 3*k = 5*l - 23. List the prime factors of l.
2, 7
List the prime factors of (-1*2)/((-2)/37 - 0).
37
Suppose 2*o - 7*o = 0. Suppose -3*t - 3*v + 27 = o, 0*t - 3*t = -4*v - 27. Let w(p) = -p + 11. What are the prime factors of w(t)?
2
Suppose -2*k - 5 - 7 = 0. Let f be 2 - 33*k/9. Suppose -f = -2*b - b. List the prime factors of b.
2
Let s be (-2)/8 + 20/16. Let y = s - -2. Suppose -2*o =